93. Calculate l(2).
-73
Let s(m) = -57*m - 481. Determine s(-13).
260
Let w(t) = -33*t**3 + 6*t**2 + 11*t + 5. What is w(-1)?
33
Let c(k) = -k**2 + 104*k - 1959. Calculate c(29).
216
Let r(q) = q**2 + 151*q + 1153. Give r(-8).
9
Let q(t) = 13*t + 173. Determine q(-13).
4
Let s(r) = -123*r + 2470. Determine s(20).
10
Let z(y) = y**3 + 8*y**2 + 5*y + 60. What is z(-6)?
102
Let g(t) = 13*t**3 + 4*t**2 - 2*t - 5. Give g(2).
111
Let l(z) = -z**3 - 20*z**2 - 81*z + 26. What is l(-14)?
-16
Let t(n) = -123*n - 15727. Give t(-128).
17
Let z(w) = -w**2 + 57*w + 431. Determine z(-6).
53
Let p(l) = -l**2 - 24*l + 151. Calculate p(5).
6
Let w(c) = 2253*c + 15928. What is w(-7)?
157
Let a(o) = -66*o - 334. Calculate a(-6).
62
Let c(w) = 3*w**3 - 16*w**2 - 5*w - 16. What is c(6)?
26
Let a(p) = -p**3 - 6*p**2 - 6*p - 100. Calculate a(-6).
-64
Let r(b) = -3693*b - 11066. What is r(-3)?
13
Let g(x) = -4*x**2 - 60*x + 29. Calculate g(-15).
29
Let u(v) = 15*v**2 - 75*v + 1. Calculate u(3).
-89
Let i(q) = 2*q**2 - 498*q + 4. What is i(0)?
4
Let x(i) = 139*i - 4310. Determine x(31).
-1
Let t(v) = 3*v**3 + 164*v**2 + 109*v + 57. Determine t(-54).
3
Let v(m) = -m**2 + 3*m + 31. What is v(14)?
-123
Let p(i) = 35*i**2 + 562*i + 35. What is p(-16)?
3
Let r(u) = 2*u**3 + 195*u**2 + 567*u - 2. Give r(-3).
-2
Let p(u) = -9*u**2 + 26*u + 90. Give p(5).
-5
Let v(s) = 6*s**2 + 285*s - 15. Calculate v(-48).
129
Let u(q) = 21*q + 32. Give u(6).
158
Let c(z) = z**2 - 322*z - 7200. Give c(-21).
3
Let f(p) = -91*p + 391. Determine f(5).
-64
Let y(b) = -3*b**3 - 117*b**2 + 5. Determine y(-39).
5
Let t(i) = -2*i + 5. Calculate t(-3).
11
Let x(p) = -p**3 - 88*p**2 - 7. Give x(-88).
-7
Let s(a) = 4*a**2 - 433*a - 605. Calculate s(110).
165
Let k(y) = 73*y + 10799. Determine k(-148).
-5
Let m(c) = 3*c + 1046. Determine m(24).
1118
Let w(x) = x**3 - 7*x**2 - 18*x - 1. Give w(6).
-145
Let j(h) = 769*h - 278. What is j(1)?
491
Let r(g) = 2*g**2 + 16*g + 106. Give r(-7).
92
Let f(w) = -735*w - 85260. What is f(-116)?
0
Let q(a) = -52*a - 466. Determine q(-8).
-50
Let y(f) = -f**3 + 15*f**2 - 51*f - 4. Calculate y(12).
-184
Let s(j) = 118*j - 925. Give s(7).
-99
Let b(f) = 4025*f - 120740. Calculate b(30).
10
Let r(y) = y**2 + 50*y + 301. Calculate r(-43).
0
Let l(o) = o**3 - 15*o**2 + 31*o - 10. Calculate l(9).
-217
Let g(f) = -16*f - 490. Calculate g(-27).
-58
Let z(q) = -3*q**3 + 14*q**2 + 9*q - 72. Calculate z(6).
-162
Let g(k) = 264*k + 2116. Calculate g(-8).
4
Let f(n) = 174*n - 1221. Calculate f(7).
-3
Let p(c) = -38*c - 495. Determine p(-15).
75
Let o(b) = 4*b**2 - 73*b - 36. Determine o(19).
21
Let r(p) = -p**3 + 56*p**2 + 141*p + 2127. Give r(59).
3
Let b(o) = -57*o**3 - 727*o**2 + 181*o - 4. Determine b(-13).
9
Let i(h) = -5*h**2 + 38*h - 54. Calculate i(2).
2
Let x(j) = -j**2 + 9*j + 10094. Calculate x(105).
14
Let y(w) = -1804*w - 23449. Calculate y(-13).
3
Let o(h) = 3*h**2 - 5*h - 5. What is o(-6)?
133
Let q(a) = -7*a**2 + 24*a - 123. Give q(6).
-231
Let t(w) = 2*w + 558. Calculate t(-280).
-2
Let p(q) = -1764*q + 44083. Calculate p(25).
-17
Let s(z) = z**2 - 81. Calculate s(-10).
19
Let u(w) = w**2 + 15*w - 295. Determine u(14).
111
Let o(w) = 478*w - 3820. Give o(8).
4
Let d(k) = 205*k + 234. Give d(-2).
-176
Let f(p) = -2*p**3 - 71*p**2 + 286*p + 478. Calculate f(-39).
-29
Let m(j) = -j**3 + 2*j**2 - 54*j - 111. Calculate m(-2).
13
Let n(b) = b**2 + 82*b - 492. What is n(6)?
36
Let o(y) = 4*y**3 + 19*y**2 - 6*y - 61. Give o(-4).
11
Let t(o) = -173*o - 603. Calculate t(-3).
-84
Let f(a) = -a**3 - 18*a**2 + 3*a + 41. Determine f(-18).
-13
Let q(g) = g**3 - 47*g**2 - 15*g - 1719. Give q(48).
-135
Let c(j) = -14*j**2 - 583*j - 5955. Determine c(-18).
3
Let p(b) = -2*b**3 - 86*b**2 - 901*b - 25. Give p(-18).
-7
Let t(k) = 5*k**2 - 111*k - 220. Calculate t(-2).
22
Let u(f) = f**2 - 27*f + 259. Calculate u(12).
79
Let w(s) = -s**3 + 43*s**2 + 93*s - 84. Give w(45).
51
Let f(p) = -7*p - 294. What is f(-44)?
14
Let w(u) = -2*u**2 - 297*u - 1841. What is w(-142)?
5
Let b(h) = 49*h - 2409. Calculate b(49).
-8
Let o(y) = -2*y**3 - 78*y**2 - 142*y - 79. Calculate o(-37).
-301
Let m(s) = s**3 + s**2 - 366*s - 1. Calculate m(0).
-1
Let i(j) = 3*j**2 + 68*j - 786. Give i(9).
69
Let h(s) = -122*s + 1220. Give h(10).
0
Let w(x) = 6*x**3 + 14*x**2 - 7*x - 9. Give w(2).
81
Let t(k) = -60*k + 111. Calculate t(2).
-9
Let z(r) = r**3 - 20*r**2 + 93*r + 12. Calculate z(14).
138
Let c(v) = 137*v - 1510. Give c(11).
-3
Let j(k) = 39*k**2 + 28*k + 27. What is j(-1)?
38
Let m(j) = -2*j**2 - 2*j + 27. Calculate m(-5).
-13
Let n(w) = 9*w**3 + 3*w**2 + w - 2. What is n(1)?
11
Let w(d) = -41*d + 638. What is w(16)?
-18
Let k(d) = 130*d - 11683. Calculate k(90).
17
Let h(p) = 2*p**3 - 396*p**2 + 10*p - 1969. Calculate h(198).
11
Let x(f) = 28*f**2 + 6384*f - 6. What is x(-228)?
-6
Let w(t) = 65*t - 5521. Determine w(85).
4
Let q(b) = -7*b**2 + 132*b - 228. Calculate q(17).
-7
Let z(i) = -129*i - 98. Determine z(5).
-743
Let h(d) = -137*d**2 - 825*d. Give h(-6).
18
Let v(m) = -2*m**3 + 59*m**2 - 27*m - 17. What is v(29)?
41
Let o(y) = y**2 + 41*y + 227. What is o(-7)?
-11
Let y(u) = -5439*u + 43546. Give y(8).
34
Let j(t) = t**3 - 114*t**2 + 1723*t + 487. Determine j(96).
7
Let b(x) = 61*x - 53. What is b(-1)?
-114
Let t(h) = 28*h**2 + 61*h - 406. What is t(-5)?
-11
Let t(z) = -234*z + 12784. Calculate t(55).
-86
Let h(x) = x**3 + 30*x**2 + 86*x + 62. Calculate h(-27).
-73
Let z(u) = -203*u + 8255. Give z(41).
-68
Let h(d) = 8*d**3 + 3*d**2 - 2*d - 2. Give h(2).
70
Let c(z) = 2798*z - 75549. Determine c(27).
-3
Let w(x) = -334*x + 3338. What is w(10)?
-2
Let r(b) = 240*b - 1117. Calculate r(5).
83
Let l(g) = -91*g + 1369. Determine l(15).
4
Let i(w) = 150*w - 2648. Calculate i(20).
352
Let y(r) = 63*r + 31. Give y(1).
94
Let y(c) = 332*c**2 + 28884*c - 35. Determine y(-87).
-35
Let g(n) = 46*n - 142. Determine g(7).
180
Let k(p) = 7*p**2 + 3*p - 8. What is k(1)?
2
Let m(c) = c**3 - 3*c**2 + 18*c - 189. Determine m(0).
-189
Let g(h) = 2*h**2 + 43*h - 263. Determine g(-26).
-29
Let q(c) = -c**3 - 34*c**2 + 67*c + 1117. Determine q(-35).
-3
Let c(x) = -6*x**2 + 510*x + 512. Give c(-1).
-4
Let h(f) = -f**2 + 117*f + 2799. What is h(-22)?
-259
Let q(l) = l**3 - 25*l**2 + 147*l - 943. Calculate q(20).
-3
Let z(u) = -63*u + 2433. Calculate z(38).
39
Let z(q) = q**2 - 24*q + 89. Give z(19).
-6
Let k(s) = -s**2 + 61*s - 611. What is k(23)?
263
Let g(c) = -c**2 + 21*c - 114. Give g(12).
-6
Let l(w) = -4*w - 155. What is l(-31)?
-31
Let g(t) = 9*t**3 + t**2 - 45*t - 48. What is g(-1)?
-11
Let v(n) = -13*n + 159. Calculate v(12).
3
Let b(d) = 3*d**3 + 8*d + 1. What is b(-3)?
-104
Let t(r) = -116*r - 3776. Give t(-33).
52
Let l(q) = -73*q**2 - 1460*q + 15. Calculate l(-20).
15
Let c(h) = -1486*h - 8944. Determine c(-6).
-28
Let p(j) = j**3 - 240*j**2 - 243*j + 483. Determine p(241).
1
Let c(a) = -2*a**3 - 29*a**2 + 89*a + 21. Give c(-17).
-47
Let v(b) = -205*b - 2255. What is v(-11)?
0
Let p(n) = n**2 - 89*n + 791. Give p(78).
-67
Let d(o) = -o**3 + 8*o**2 + 28*o + 25. Give d(9).
196
Let l(m) = 14*m**3 - 5*m**2 + m - 24. Determine l(3).
312
Let v(r) = -332*r - 4. What is v(1)?
-336
Let o(q) = -6*q**3 - 100*q**2 + 27. Give o(-17).
605
Let p(z) = -39*z + 223. Give p(14).
-323
Let j(f) = 16*f + 2523. Give j(-155).
43
Let d(c) = -c**2 + 51*c + 469. Give d(-8).
-3
Let s(c) = -3*c**2 - 169*c + 2315. What is s(-68)?
-65
Let r(p) = 39*p + 289. Calculate r(-9).
-62
Let i(u) = -8*u**2 - 3*u - 1. Give i(-1).
-6
Let d(n) = -2*n**3 + 33*n**2 + 22*n - 88. What is d(17)?
-3
Let o(r) = 1192*r + 7264. Calculate o(-6).
112
Let p(m) = 42*m + 3662. Calculate p(-87).
8
Let x(g) = -g**3 - 28*g**2 - 141*g - 2307. Calculate x(-26).
7
Let h(a) = -a**3 - 3*a**2 + 14*a + 51. Calculate h(-4).
11
Let d(h) = -612*h + 1943. What is d(3)?
107
Let s(w) = -2*w**3 + 11*w**2 - 6*w + 10. Determine s(3).
37
Let h(j) = -16*j**2 - 13*j + 31. What is h(-2)?
-7
Let y(k) = k**3 - 38*k**2 + 281*k + 815. Calculate y(26).
9
Let n(y) = -y**3 - y**2 + 511*y - 160. Determine n(22).
-50
Let f(p) = -284*p + 6815. What is f(24)?
-1
Let a(o) = o**3 - 17*o**2 - 40*o - 39. Determine a(19).
-77
Let a(h) = 2*h**3 + 34*h**2 + 59*h - 67. Give a(-15).
-52
Let j(g) = -15*g 